7 prime?
True
Is 357041 composite?
True
Is 315211 composite?
True
Is 3989 a prime number?
True
Is 7789 composite?
False
Is 20257 a composite number?
True
Is 411805 a prime number?
False
Is 12839 a composite number?
True
Is 16609 a composite number?
True
Is 247879 a prime number?
True
Is 26891 a prime number?
True
Is 8989 composite?
True
Is 245783 composite?
False
Is 740719 a composite number?
True
Is 98101 a composite number?
False
Is 5381 composite?
False
Is 6353 a prime number?
True
Is 76915 composite?
True
Is 3079 a prime number?
True
Is 6109 prime?
False
Is 350843 prime?
True
Is 10441 a prime number?
False
Is 703957 prime?
True
Is 878 prime?
False
Is 22853 prime?
True
Is 6047 composite?
False
Is 540539 a prime number?
True
Is 93287 a prime number?
True
Is 519349 a composite number?
False
Is 174695 a prime number?
False
Is 621854 prime?
False
Is 527647 prime?
False
Is 3407 a prime number?
True
Is 216259 composite?
False
Is 48073 a composite number?
False
Is 14143 prime?
True
Is 73237 prime?
True
Is 589109 composite?
False
Is 5191 prime?
False
Is 22805 a prime number?
False
Is 98677 a composite number?
True
Is 135533 composite?
False
Is 542573 a prime number?
False
Is 208187 prime?
False
Is 1526263 composite?
False
Is 202 prime?
False
Is 10661 prime?
False
Is 153929 a composite number?
False
Is 448637 a prime number?
False
Is 398057 composite?
True
Is 32557 a composite number?
True
Is 126821 prime?
False
Is 1507 composite?
True
Is 10594 a prime number?
False
Is 296347 a prime number?
True
Is 7477 composite?
False
Is 97073 composite?
False
Is 4534 composite?
True
Is 50207 prime?
True
Is 1641017 prime?
False
Is 586581 prime?
False
Is 59093 a composite number?
False
Is 23897 prime?
False
Is 106 a prime number?
False
Is 1058074 a prime number?
False
Is 933411 prime?
False
Is 64271 prime?
True
Is 2 prime?
True
Is 201007 a prime number?
True
Is 9983 a prime number?
False
Is 6797 composite?
True
Is 82247 prime?
False
Is 896281 prime?
True
Is 58657 composite?
False
Is 10979 a prime number?
True
Is 88999 a prime number?
False
Is 464687 a prime number?
True
Is 743 a composite number?
False
Is 58495 composite?
True
Is 53 composite?
False
Is 1173157 a composite number?
False
Is 142343 a composite number?
True
Is 1337807 a composite number?
True
Is 4267487 composite?
True
Is 76393 prime?
False
Is 507149 a composite number?
False
Is 17129 a prime number?
False
Is 70471 prime?
False
Is 51893 prime?
True
Is 268273 prime?
False
Is 40233 composite?
True
Is 9793 prime?
False
Is 26099 composite?
False
Is 37046 prime?
False
Is 106993 prime?
True
Is 2957 prime?
True
Is 142733 prime?
True
Is 600787 a composite number?
True
Is 33739 prime?
True
Is 3077223 a composite number?
True
Is 179221 composite?
True
Is 18143 composite?
False
Is 25439 a prime number?
True
Is 12677 composite?
True
Is 85487 composite?
False
Is 1513349 prime?
False
Is 6289 a prime number?
False
Is 10559 a composite number?
False
Is 34717 a composite number?
True
Is 12619 a composite number?
False
Is 392797 a composite number?
True
Is 620779 a composite number?
True
Is 676463 a prime number?
True
Is 28123 a composite number?
False
Is 203457 a prime number?
False
Is 13722683 prime?
False
Is 58831 prime?
True
Is 4163 composite?
True
Is 350281 a composite number?
False
Is 653 composite?
False
Is 47597 composite?
True
Is 154841 a composite number?
False
Is 50035 a prime number?
False
Is 93719 a prime number?
True
Is 66077 a composite number?
True
Is 10077 a composite number?
True
Is 1439 a composite number?
False
Is 1481 prime?
True
Is 2047 a prime number?
False
Is 251435 prime?
False
Is 42739 a composite number?
True
Is 6017 composite?
True
Is 96053 a composite number?
False
Is 288881 prime?
False
Is 98305 a prime number?
False
Is 6329 prime?
True
Is 4534 a prime number?
False
Is 12149 a prime number?
True
Is 8781 a composite number?
True
Is 9913 a composite number?
True
Is 206981 prime?
False
Is 502 composite?
True
Is 17026 composite?
True
Is 95246 composite?
True
Is 26141 composite?
False
Is 38189 prime?
True
Is 14243 composite?
False
Is 29363 prime?
True
Is 6421 a composite number?
False
Is 3047 composite?
True
Is 1088209 composite?
False
Is 24593 prime?
True
Is 96926 prime?
False
Is 73099 a prime number?
False
Is 20873 a composite number?
False
Is 126563 a prime number?
False
Is 2767 a prime number?
True
Is 287211 prime?
False
Is 757327 a composite number?
False
Is 2939 a prime number?
True
Is 9067 a composite number?
False
Is 102793 composite?
False
Is 195317 a prime number?
False
Is 34267 a prime number?
True
Is 18593 prime?
True
Is 451601 a composite number?
False
Is 35491 a prime number?
True
Is 557 a prime number?
True
Is 6503 a composite number?
True
Is 315383 prime?
False
Is 394469 a prime number?
False
Is 3989 a composite number?
False
Is 5129 prime?
False
Is 319773 composite?
True
Is 262527 a prime number?
False
Is 11017 a prime number?
False
Is 6639 prime?
False
Is 137339 a prime number?
True
Is 2498 composite?
True
Is 455021 a prime number?
False
Is 59111 a composite number?
True
Is 24439 a composite number?
False
Is 354949 a composite number?
True
Is 1939 composite?
True
Is 732863 a prime number?
True
Is 1410311 prime?
False
Is 39811 prime?
False
Is 10709 a prime number?
True
Is 530833 a prime number?
True
Is 919 a prime number?
True
Is 3719 a composite number?
False
Is 132421 a composite number?
False
Is 1069373 prime?
False
Is 482789 a prime number?
True
Is 4699 composite?
True
Is 64219 prime?
False
Is 104207 a composite number?
False
Is 55 a composite number?
True
Is 138239 a prime number?
True
Is 18299 a prime number?
False
Is 844841 prime?
True
Is 105707 prime?
False
Is 108991 prime?
True
Is 17729 a prime number?
True
Is 6007 prime?
True
Is 134713 a prime number?
False
Is 30967 a composite number?
True
Is 175535 composite?
True
Is 7327 prime?
False
Is 1073 composite?
True
Is 2503 a prime number?
True
Is 21209 a prime number?
False
Is 5969 composite?
True
Is 218963 composite?
False
Is 103333 composite?
False
Is 116257 prime?
True
Is 193649 a prime number?
True
Is 31469 prime?
True
Is 159737 a prime number?
True
Is 256346 a prime number?
False
Is 487337 prime?
False
Is 442159 a prime number?
False
Is 445529 prime?
False
Is 449915 a prime number?
False
Is 137633 prime?
True
Is 4201 prime?
True
Is 9271 prime?
False
Is 2186021 a prime number?
False
Is 23897 a composite number?
True
Is 11246 a prime number?
False
Is 3593 a prime number?
True
Is 23189 composite?
False
Is 29863 a composite number?
False
Is 189971 a composite number?
True
Is 45941 a prime number?
False
Is 1611593 composite?
False
Is 483523 a prime number?
True
Is 8411 a prime number?
False
Is 44057 a composite number?
True
Is 86123 a composite number?
True
Is 3793 prime?
True
Is 559653 a prime number?
False
Is 1595083 composite?
True
Is 7261 prime?
False
Is 3403 a prime number?
False
Is 6574603 a composite number?
True
Is 12842 prime?
False
Is 111577 composite?
False
Is 3497 a composite number?
True
Is 1627123 a composite number?
False
Is 100591 a composite number?
False
Is 16897 a composite number?
True
Is 73991 prime?
False
Is 713269 composite?
True
Is 1182397 a composite number?
False
Is 2583037 prime?
False
Is 2924555 composite?
True
Is 59197 prime?
True
Is 71161 prime?
True
Is 135919 composite?
True
Is 105421 prime?
False
Is 117101 prime?
True
Is 8027 composite?
True
Is 7419 composite?
True
Is 566571 a composite number?
True
Is 13751 a composite number?
False
Is 58591 a composite number?
True
Is 6521 a prime number?
True
Is 22247 prime?
True
Is 623734 a composite number?
True
Is 23887 composite?
False
Is 443 a prime number?
True
Is 78673 a composite number?
True
Is 5311465 prime?
False
Is 1361 composite?
False
Is 11003 a composite number?
False
Is 263489 composite?
False
Is 78757 a composite number?
True
Is 10651 composite?
False
Is 30817 a prime number?
True
Is 1067 a composite number?
True
Is 3 prime?
True
Is 469307 a prime number?
False
Is 11545 composite?
True
Is 779 a composite number?
True
Is 498607 a prime number?
False
Is 16181 composite?
True
Is 2099 prime?
True
Is 2231 composite?
True
Is 2083091 composite?
False
Is 52637 prime?
False
Is 14813 a prime number?
True
Is 3593 a prime number?
True
Is 30631 a